{"id":11,"date":"2013-02-28T07:10:44","date_gmt":"2013-02-28T07:10:44","guid":{"rendered":"http:\/\/www.itservice-krefeld.de\/?page_id=11"},"modified":"2013-03-05T12:56:36","modified_gmt":"2013-03-05T12:56:36","slug":"anfahrt","status":"publish","type":"page","link":"http:\/\/www.itservice-krefeld.de\/?page_id=11","title":{"rendered":"Anfahrt"},"content":{"rendered":"<p>Anschrift:<\/p>\n<p>IT-Service und Computer Notdienst Langjahr<br \/>\nKrefelderstrasse 51<br \/>\n47839 Krefeld-H\u00fcls<\/p>\n<p>\u00d6ffnungszeiten:<\/p>\n<p>DO: 16.00-18.30<br \/>\nFR: 16.00-18.30<br \/>\nSA: 10.00-13.00<\/p>\n<p>Anfahrt mit Bus und Bahn:<\/p>\n<p>Von Krefeld Zentrum mit der Strassenbahnlinie 044 bis H\u00fcls Betriebshof.<br \/>\nAnschlie\u00dfend der Krefelderstrasse circa 300 Meter folgen. Ladenlokal direkt neben der L\u00f6wenapotheke.<\/p>\n<p>Stadtplan mit Standort:<\/p>\n<p><iframe loading=\"lazy\" width=\"600\" height=\"500\" frameborder=\"0\" scrolling=\"no\" marginheight=\"0\" marginwidth=\"0\" src=\"https:\/\/maps.google.de\/maps\/ms?msa=0&amp;msid=212413591154197700076.0004d71b3b6eed73392f9&amp;hl=de&amp;ie=UTF8&amp;ll=51.370893,6.511626&amp;spn=0,0&amp;t=m&amp;iwloc=lyrftr:m,11325280883944036469,51.370928,6.511701&amp;output=embed\"><\/iframe><br \/><small><a href=\"https:\/\/maps.google.de\/maps\/ms?msa=0&amp;msid=212413591154197700076.0004d71b3b6eed73392f9&amp;hl=de&amp;ie=UTF8&amp;ll=51.370893,6.511626&amp;spn=0,0&amp;t=m&amp;iwloc=lyrftr:m,11325280883944036469,51.370928,6.511701&amp;source=embed\" style=\"color:#0000FF;text-align:left\">IT-Service Langjahr<\/a> auf einer gr\u00f6\u00dferen Karte anzeigen<\/small><\/p>\n","protected":false},"excerpt":{"rendered":"<p>Anschrift: IT-Service und Computer Notdienst Langjahr Krefelderstrasse 51 47839 Krefeld-H\u00fcls \u00d6ffnungszeiten: DO: 16.00-18.30 FR: 16.00-18.30 SA: 10.00-13.00 Anfahrt mit Bus und Bahn: Von Krefeld Zentrum mit der Strassenbahnlinie 044 bis H\u00fcls Betriebshof. Anschlie\u00dfend der Krefelderstrasse circa 300 Meter folgen. Ladenlokal direkt neben der L\u00f6wenapotheke. Stadtplan mit Standort: IT-Service Langjahr auf einer gr\u00f6\u00dferen Karte anzeigen<\/p>\n","protected":false},"author":1,"featured_media":0,"parent":0,"menu_order":0,"comment_status":"closed","ping_status":"closed","template":"","meta":{"footnotes":""},"class_list":["post-11","page","type-page","status-publish","hentry"],"_links":{"self":[{"href":"http:\/\/www.itservice-krefeld.de\/index.php?rest_route=\/wp\/v2\/pages\/11","targetHints":{"allow":["GET"]}}],"collection":[{"href":"http:\/\/www.itservice-krefeld.de\/index.php?rest_route=\/wp\/v2\/pages"}],"about":[{"href":"http:\/\/www.itservice-krefeld.de\/index.php?rest_route=\/wp\/v2\/types\/page"}],"author":[{"embeddable":true,"href":"http:\/\/www.itservice-krefeld.de\/index.php?rest_route=\/wp\/v2\/users\/1"}],"replies":[{"embeddable":true,"href":"http:\/\/www.itservice-krefeld.de\/index.php?rest_route=%2Fwp%2Fv2%2Fcomments&post=11"}],"version-history":[{"count":10,"href":"http:\/\/www.itservice-krefeld.de\/index.php?rest_route=\/wp\/v2\/pages\/11\/revisions"}],"predecessor-version":[{"id":41,"href":"http:\/\/www.itservice-krefeld.de\/index.php?rest_route=\/wp\/v2\/pages\/11\/revisions\/41"}],"wp:attachment":[{"href":"http:\/\/www.itservice-krefeld.de\/index.php?rest_route=%2Fwp%2Fv2%2Fmedia&parent=11"}],"curies":[{"name":"wp","href":"https:\/\/api.w.org\/{rel}","templated":true}]}}